he prime factors of 740228664?
2, 3, 7, 31, 89, 1597
List the prime factors of 44263029.
3, 14754343
List the prime factors of 50059325.
5, 2002373
List the prime factors of 194950028.
2, 7, 13, 76511
List the prime factors of 524701044.
2, 3, 7, 47, 14767
What are the prime factors of 2305890916?
2, 7, 82353247
List the prime factors of 3984597.
3, 442733
What are the prime factors of 1155504756?
2, 3, 7, 17, 809177
What are the prime factors of 76902843?
3, 25634281
List the prime factors of 178703148.
2, 3, 13, 1145533
What are the prime factors of 256854526?
2, 1697, 75679
List the prime factors of 663020348.
2, 41, 4042807
What are the prime factors of 273991122?
2, 3, 2143, 7103
What are the prime factors of 1459094999?
23, 127, 499519
What are the prime factors of 649424051?
41, 47, 337013
What are the prime factors of 63225407?
7, 19, 475379
List the prime factors of 576334400.
2, 5, 29, 12421
What are the prime factors of 694075891?
694075891
What are the prime factors of 1326171732?
2, 3, 41, 2695471
What are the prime factors of 35126529?
3, 373, 31391
What are the prime factors of 2437067648?
2, 67, 284173
List the prime factors of 7056199.
967, 7297
What are the prime factors of 536774865?
3, 5, 11, 911, 3571
List the prime factors of 600364314.
2, 3, 11, 3032143
List the prime factors of 109409190.
2, 3, 5, 11, 331543
List the prime factors of 21370931.
1283, 16657
List the prime factors of 140708119.
140708119
List the prime factors of 24398128.
2, 17, 19, 4721
List the prime factors of 248598675.
3, 5, 13, 84991
List the prime factors of 338012996.
2, 84503249
What are the prime factors of 3988612423?
1579, 2526037
What are the prime factors of 207340369?
19, 31, 352021
What are the prime factors of 11266450?
2, 5, 13, 17333
List the prime factors of 1040625282.
2, 3, 83, 311, 6719
List the prime factors of 42687854.
2, 11, 317, 6121
List the prime factors of 37430023.
37430023
List the prime factors of 2237752561.
11, 811, 250841
List the prime factors of 165554445.
3, 5, 7, 47, 33547
What are the prime factors of 325694206?
2, 467, 348709
What are the prime factors of 147230562?
2, 3, 79, 383, 811
List the prime factors of 3578625178.
2, 83, 21557983
What are the prime factors of 7296455?
5, 43, 33937
List the prime factors of 3159003224.
2, 13, 701, 43331
What are the prime factors of 518348200?
2, 5, 179, 14479
List the prime factors of 225998195.
5, 809, 55871
List the prime factors of 54361375.
5, 19, 47, 487
List the prime factors of 425881755.
3, 5, 13, 728003
List the prime factors of 790194960.
2, 3, 5, 31, 11801
What are the prime factors of 500664432?
2, 3, 179, 58271
What are the prime factors of 466464906?
2, 3, 509, 5657
List the prime factors of 4086325015.
5, 23, 73, 486757
What are the prime factors of 2477564912?
2, 89, 139, 12517
What are the prime factors of 1208430554?
2, 604215277
What are the prime factors of 5082564592?
2, 7, 29, 223547
List the prime factors of 902839637.
7, 1697, 76003
List the prime factors of 291539811.
3, 97179937
List the prime factors of 44938527.
3, 23, 71, 9173
What are the prime factors of 97660515?
3, 5, 6510701
What are the prime factors of 385627413?
3, 29, 563, 7873
List the prime factors of 1944912660.
2, 3, 5, 23, 1409357
List the prime factors of 9302170828.
2, 2325542707
What are the prime factors of 3146551156?
2, 7, 23, 29, 168481
List the prime factors of 40274617.
43, 936619
What are the prime factors of 126129737?
126129737
What are the prime factors of 2664341204?
2, 7, 1381, 68903
What are the prime factors of 284158038?
2, 3, 47359673
What are the prime factors of 303785139?
3, 7, 14465959
List the prime factors of 798319781.
7, 31, 3678893
List the prime factors of 258688244.
2, 64672061
What are the prime factors of 3200681419?
13, 167, 1171, 1259
List the prime factors of 177183240.
2, 3, 5, 13, 53, 2143
What are the prime factors of 2478581332?
2, 619645333
List the prime factors of 919448280.
2, 3, 5, 467, 1823
What are the prime factors of 1046566280?
2, 5, 26164157
List the prime factors of 384806542.
2, 397, 484643
What are the prime factors of 377855069?
377855069
What are the prime factors of 3121583919?
3, 1040527973
What are the prime factors of 26397598?
2, 29, 67, 6793
List the prime factors of 794547829.
29, 1747, 15683
What are the prime factors of 1069205156?
2, 267301289
What are the prime factors of 5565244?
2, 31, 37, 1213
List the prime factors of 7455888.
2, 3, 11, 523
List the prime factors of 333355993.
9173, 36341
What are the prime factors of 2249134889?
4177, 538457
List the prime factors of 49636852.
2, 23, 439, 1229
List the prime factors of 46098967.
43, 631, 1699
List the prime factors of 35154990.
2, 3, 5, 13, 30047
What are the prime factors of 137298024?
2, 3, 635639
What are the prime factors of 744141464?
2, 11, 8456153
List the prime factors of 20141897.
47, 428551
List the prime factors of 31284826.
2, 61, 347, 739
List the prime factors of 39187080.
2, 3, 5, 199, 547
What are the prime factors of 104706403?
104706403
What are the prime factors of 428003571?
3, 67, 2129371
What are the prime factors of 376607832?
2, 3, 127, 157, 787
List the prime factors of 227956199.
227956199
List the prime factors of 2123196509.
7, 43, 149, 6763
What are the prime factors of 50870179?
1777, 28627
What are the prime factors of 2132858640?
2, 3, 5, 11, 807901
List the prime factors of 1317135214.
2, 17, 19, 239, 449
What are the prime factors of 258605824?
2, 1010179
List the prime factors of 22501816.
2, 67, 41981
What are the prime factors of 109311440?
2, 5, 7, 29, 53, 127
List the prime factors of 45478757.
17, 29, 3181
What are the prime factors of 224672544?
2, 3, 17, 109, 421
List the prime factors of 358599641.
149, 2406709
What are the prime factors of 110698467?
3, 11, 89, 37691
List the prime factors of 106640709.
3, 7, 725447
What are the prime factors of 7528110?
2, 3, 5, 17, 29, 509
What are the prime factors of 1684658457?
3, 187184273
List the prime factors of 70278524.
2, 23, 763897
List the prime factors of 380231281.
503, 769, 983
What are the prime factors of 837971781?
3, 127, 2199401
What are the prime factors of 174351960?
2, 3, 5, 23, 7019
What are the prime factors of 7759286008?
2, 457, 541, 3923
List the prime factors of 460896409.
181, 929, 2741
List the prime factors of 5777325.
3, 5, 317
What are the prime factors of 34965970?
2, 5, 13, 268969
List the prime factors of 134552987.
134552987
List the prime factors of 2564222448.
2, 3, 79, 676219
List the prime factors of 2129367.
3, 709789
List the prime factors of 2548975783.
241, 10576663
What are the prime factors of 798304341?
3, 37, 7191931
List the prime factors of 4789058867.
353, 1223, 11093
List the prime factors of 1627505626.
2, 813752813
List the prime factors of 1042601051.
1042601051
What are the prime factors of 141845128?
2, 2239, 7919
What are the prime factors of 1392944815?
5, 19, 389, 37693
What are the prime factors of 60737831?
7, 11, 37, 21319
What are the prime factors of 4121214074?
2, 59, 34925543
What are the prime factors of 245609898?
2, 3, 40934983
What are the prime factors of 3972284070?
2, 3, 5, 132409469
What are the prime factors of 76869922?
2, 1723, 22307
List the prime factors of 1863595985.
5, 659, 565583
What are the prime factors of 2092541684?
2, 113, 4629517
List the prime factors of 874875354.
2, 3, 145812559
What are the prime factors of 199329081?
3, 7, 59, 160879
What are the prime factors of 14450264?
2, 487, 3709
List the prime factors of 1355128134.
2, 3, 225854689
What are the prime factors of 91377215?
5, 1571, 11633
List the prime factors of 1627135361.
251, 6482611
What are the prime factors of 134329316?
2, 11, 19, 160681
List the prime factors of 701852126.
2, 350926063
What are the prime factors of 111395957?
111395957
List the prime factors of 66442656.
2, 3, 7, 98873
List the prime factors of 24879329.
31, 25889
What are the prime factors of 19726325?
5, 173, 4561
List the prime factors of 3012488268.
2, 3, 199, 223, 5657
What are the prime factors of 503312130?
2, 3, 5, 181, 3433
List the prime factors of 297266900.
2, 5, 7, 424667
What are the prime factors of 163156525?
5, 7, 53, 359
List the pr